{"id":1745,"date":"2021-12-06T10:03:10","date_gmt":"2021-12-06T13:03:10","guid":{"rendered":"https:\/\/draanapaulapucci.com.br\/?page_id=1745"},"modified":"2021-12-06T10:04:18","modified_gmt":"2021-12-06T13:04:18","slug":"clareamento-dental","status":"publish","type":"page","link":"https:\/\/draanapaulapucci.com.br\/?page_id=1745","title":{"rendered":"Clareamento dental"},"content":{"rendered":"<div data-colibri-id=\"1745-c1\" class=\"style-727 style-local-1745-c1 position-relative\">\n  <!---->\n  <div data-colibri-component=\"section\" data-colibri-id=\"1745-c2\" id=\"reusable-sections\" class=\"h-section h-section-global-spacing d-flex align-items-lg-center align-items-md-center align-items-center style-728 style-local-1745-c2 position-relative\">\n    <!---->\n    <!---->\n    <div class=\"h-section-grid-container h-section-boxed-container\">\n      <!---->\n      <div data-colibri-id=\"1745-c3\" class=\"h-row-container gutters-row-lg-2 gutters-row-md-2 gutters-row-2 gutters-row-v-lg-2 gutters-row-v-md-2 gutters-row-v-2 style-729 style-local-1745-c3 position-relative\">\n        <!---->\n        <div class=\"h-row justify-content-lg-center justify-content-md-center justify-content-center align-items-lg-stretch align-items-md-stretch align-items-stretch gutters-col-lg-2 gutters-col-md-2 gutters-col-2 gutters-col-v-lg-2 gutters-col-v-md-2 gutters-col-v-2\">\n          <!---->\n          <div class=\"h-column h-column-container d-flex h-col-lg-auto h-col-md-auto h-col-auto style-730-outer style-local-1745-c4-outer\">\n            <div data-colibri-id=\"1745-c4\" class=\"d-flex h-flex-basis h-column__inner h-px-lg-0 h-px-md-0 h-px-2 v-inner-lg-0 v-inner-md-0 v-inner-2 style-730 style-local-1745-c4 position-relative\">\n              <!---->\n              <!---->\n              <div class=\"w-100 h-y-container h-column__content h-column__v-align flex-basis-100 align-self-lg-start align-self-md-start align-self-start\">\n                <!---->\n                <div data-colibri-id=\"1745-c5\" class=\"h-global-transition-all h-heading style-731 style-local-1745-c5 position-relative h-element\">\n                  <!---->\n                  <div class=\"h-heading__outer style-731 style-local-1745-c5\">\n                    <!---->\n                    <!---->\n                    <h3 class=\"\">Clareamento dental<\/h3>\n                  <\/div>\n                <\/div>\n                <div data-colibri-id=\"1745-c6\" class=\"h-global-transition-all h-heading style-732 style-local-1745-c6 position-relative h-element\">\n                  <!---->\n                  <div class=\"h-heading__outer style-732 style-local-1745-c6\">\n                    <!---->\n                    <!---->\n                    <h4 class=\"\">1. O QUE \u00c9 CLAREAMENTO DENTAL?<\/h4>\n                  <\/div>\n                <\/div>\n                <div data-colibri-id=\"1745-c7\" class=\"h-text h-text-component style-733 style-local-1745-c7 position-relative h-element\">\n                  <!---->\n                  <!---->\n                  <div class=\"\">\n                    <p>Dentes manchados ou amarelados costumam ser um verdadeiro inc\u00f4modo para quem sonha com um sorriso bem branquinho. Se esse for o seu caso, n\u00e3o h\u00e1 necessidade para maiores preocupa\u00e7\u00f5es. O clareamento dental consiste em utilizar produtos\n                      \u00e0 base de per\u00f3xido de hidrog\u00eanio, que, quando em contato com a superf\u00edcie dos dentes, conseguem quebrar as mol\u00e9culas pigmentadas, dissociando-as em mol\u00e9culas menores e deixando o dente mais claro. Por isso que, atrav\u00e9s do contato\n                      com agentes clareadores, \u00e9 poss\u00edvel recuperar a cor original dos dentes.<\/p>\n                    <p>Entretanto, vale destacar que a superf\u00edcie dent\u00e1ria n\u00e3o \u00e9 a \u00fanica regi\u00e3o afetada durante o processo: a gengiva tamb\u00e9m precisa de aten\u00e7\u00e3o e prote\u00e7\u00e3o. O profissional faz uma limpeza na superf\u00edcie dos dentes a serem clareados e protege\n                      a gengiva ao redor desses dentes, pois o gel \u00e9 muito forte e se cair na gengiva pode queim\u00e1-la.<\/p>\n                  <\/div>\n                <\/div>\n              <\/div>\n            <\/div>\n          <\/div>\n          <div class=\"h-column h-column-container d-flex h-col-lg-auto h-col-md-auto h-col-auto style-734-outer style-local-1745-c8-outer\">\n            <div data-colibri-id=\"1745-c8\" class=\"d-flex h-flex-basis h-column__inner h-px-lg-0 h-px-md-2 h-px-0 v-inner-lg-0 v-inner-md-2 v-inner-0 style-734 style-local-1745-c8 position-relative\">\n              <!---->\n              <!---->\n              <div class=\"w-100 h-y-container h-column__content h-column__v-align flex-basis-100 align-self-lg-start align-self-md-start align-self-start\">\n                <!---->\n                <div data-colibri-id=\"1745-c9\" class=\"d-block style-735 style-local-1745-c9 position-relative h-element\">\n                  <!---->\n                  <div class=\"h-image__frame-container-outer\">\n                    <div class=\"h-image__frame-container\">\n                      <!---->\n                      <!---->\n                      <img loading=\"lazy\" decoding=\"async\" width=\"500\" height=\"500\" src=\"http:\/\/draanapaulapucci.com.br\/wp-content\/uploads\/2021\/10\/clareamento_dentario.jpg\" class=\"wp-image-1018 style-735-image style-local-1745-c9-image\" alt=\"\" \/>\n                      <div class=\"h-image__frame h-hide-sm style-735-frameImage style-local-1745-c9-frameImage\"><\/div>\n                    <\/div>\n                  <\/div>\n                <\/div>\n              <\/div>\n            <\/div>\n          <\/div>\n        <\/div>\n      <\/div>\n      <div data-colibri-id=\"1745-c10\" class=\"h-row-container gutters-row-lg-2 gutters-row-md-2 gutters-row-0 gutters-row-v-lg-2 gutters-row-v-md-2 gutters-row-v-2 style-736 style-local-1745-c10 position-relative\">\n        <!---->\n        <div class=\"h-row justify-content-lg-center justify-content-md-center justify-content-center align-items-lg-stretch align-items-md-stretch align-items-stretch gutters-col-lg-2 gutters-col-md-2 gutters-col-0 gutters-col-v-lg-2 gutters-col-v-md-2 gutters-col-v-2\">\n          <!---->\n          <div class=\"h-column h-column-container d-flex h-col-lg-auto h-col-md-auto h-col-auto style-737-outer style-local-1745-c11-outer\">\n            <div data-colibri-id=\"1745-c11\" class=\"d-flex h-flex-basis h-column__inner h-px-lg-2 h-px-md-2 h-px-2 v-inner-lg-2 v-inner-md-2 v-inner-2 style-737 style-local-1745-c11 position-relative\">\n              <!---->\n              <!---->\n              <div class=\"w-100 h-y-container h-column__content h-column__v-align flex-basis-100 align-self-lg-start align-self-md-start align-self-start\">\n                <!---->\n                <div data-colibri-id=\"1745-c12\" class=\"h-global-transition-all h-heading style-738 style-local-1745-c12 position-relative h-element\">\n                  <!---->\n                  <div class=\"h-heading__outer style-738 style-local-1745-c12\">\n                    <!---->\n                    <!---->\n                    <h4 class=\"\">2. TIPOS DE CLAREAMENTO DENTAL<\/h4>\n                  <\/div>\n                <\/div>\n                <div data-colibri-id=\"1745-c13\" class=\"h-global-transition-all h-heading style-739 style-local-1745-c13 position-relative h-element\">\n                  <!---->\n                  <div class=\"h-heading__outer style-739 style-local-1745-c13\">\n                    <!---->\n                    <!---->\n                    <h6 class=\"\">2.1 Clareamento Interno x Externo<\/h6>\n                  <\/div>\n                <\/div>\n                <div data-colibri-id=\"1745-c14\" class=\"h-text h-text-component style-740 style-local-1745-c14 position-relative h-element\">\n                  <!---->\n                  <!---->\n                  <div class=\"\">\n                    <p>A diferen\u00e7a entre eles \u00e9 que o clareamento interno costuma ser indicado para dentes que passaram por um tratamento de canal, segundo Paulo. Dessa forma, a subst\u00e2ncia clareadora \u00e9 colocada dentro do dente pelo profissional. &#8220;Pode ser\n                      r\u00e1pido, de tr\u00eas a cinco consultas, quando a causa do escurecimento \u00e9 uma hemorragia interna ou necrose da polpa; ou mais demorado, acima de 10 consultas, quando a causa \u00e9 impregna\u00e7\u00e3o por iodo que alguns cimentos mais antigos para\n                      obtura\u00e7\u00e3o de canal tinham na sua composi\u00e7\u00e3o&#8221;, explica.<\/p>\n                    <p>Quanto ao externo, \u00e9 quando a t\u00e9cnica \u00e9 realizada por fora do dente. &#8220;Ele pode ser feito no consult\u00f3rio, aplicado pelo profissional, ou em casa realizado pelo paciente com aux\u00edlio de moldeiras nas quais se coloca o produto clareador&#8221;,\n                      comentou.<\/p>\n                  <\/div>\n                <\/div>\n                <div data-colibri-id=\"1745-c15\" class=\"h-global-transition-all h-heading style-741 style-local-1745-c15 position-relative h-element\">\n                  <!---->\n                  <div class=\"h-heading__outer style-741 style-local-1745-c15\">\n                    <!---->\n                    <!---->\n                    <h6 class=\"\">2.2 Clareamento caseiro<\/h6>\n                  <\/div>\n                <\/div>\n                <div data-colibri-id=\"1745-c16\" class=\"h-text h-text-component style-742 style-local-1745-c16 position-relative h-element\">\n                  <!---->\n                  <!---->\n                  <div class=\"\">\n                    <p>Apesar de muita gente se deixar levar por m\u00e9todos encontrados na internet sem orienta\u00e7\u00e3o profissional alguma, \u00e9 preciso ter muito cuidado. A utiliza\u00e7\u00e3o de produtos como bicarbonato de s\u00f3dio ou \u00e1gua oxigenada, al\u00e9m de n\u00e3o serem nada\n                      eficientes, podem trazer s\u00e9rios danos aos dentes e \u00e0 gengiva, segundo William Kabbach. Hoje, existe certa variedade de produtos aprovados por especialistas que s\u00e3o indicados para realizar esse tipo de procedimento em casa. O mais\n                      comum \u00e9 com o uso de moldeira e gel clareador. A moldeira \u00e9 um dispositivo de silicone feito sob medida, de forma que se encaixa perfeitamente na arcada dent\u00e1ria do paciente. Nela, se aplica o gel clareador que vai entrar em contato\n                      com os dentes por um per\u00edodo que pode variar de 30 minutos \u00e0 uma hora. Normalmente, o tratamento costuma durar cerca de tr\u00eas semanas.<\/p>\n                  <\/div>\n                <\/div>\n                <div data-colibri-id=\"1745-c17\" class=\"h-global-transition-all h-heading style-743 style-local-1745-c17 position-relative h-element\">\n                  <!---->\n                  <div class=\"h-heading__outer style-743 style-local-1745-c17\">\n                    <!---->\n                    <!---->\n                    <h6 class=\"\">2.3 Clareamento no consult\u00f3rio<\/h6>\n                  <\/div>\n                <\/div>\n                <div data-colibri-id=\"1745-c18\" class=\"h-text h-text-component style-744 style-local-1745-c18 position-relative h-element\">\n                  <!---->\n                  <!---->\n                  <div class=\"\">\n                    <p>H\u00e1 tamb\u00e9m a op\u00e7\u00e3o de realizar o procedimento no pr\u00f3prio consult\u00f3rio com um especialista. \u00c9 comum que os pacientes fiquem divididos na hora de escolher qual \u00e9 a melhor op\u00e7\u00e3o, mas a verdade \u00e9 que n\u00e3o h\u00e1 muita diferen\u00e7a no resultado final.<\/p>\n                  <\/div>\n                <\/div>\n                <div data-colibri-id=\"1745-c19\" class=\"h-global-transition-all h-heading style-745 style-local-1745-c19 position-relative h-element\">\n                  <!---->\n                  <div class=\"h-heading__outer style-745 style-local-1745-c19\">\n                    <!---->\n                    <!---->\n                    <h6 class=\"\">2.4 Combina\u00e7\u00e3o entre os dois tratamentos<\/h6>\n                  <\/div>\n                <\/div>\n                <div data-colibri-id=\"1745-c20\" class=\"h-text h-text-component style-746 style-local-1745-c20 position-relative h-element\">\n                  <!---->\n                  <!---->\n                  <div class=\"\">\n                    <p>Al\u00e9m das op\u00e7\u00f5es acima, tamb\u00e9m \u00e9 poss\u00edvel fazer uma combina\u00e7\u00e3o entre o clareamento caseiro e o realizado em consult\u00f3rio. Essa combina\u00e7\u00e3o normalmente \u00e9 indicada em casos onde o paciente procura mais rapidez no processo, ou quando o clareamento\n                      n\u00e3o est\u00e1 acontecendo conforme o previsto. Independente disso, a especialista afirma que \u00e9 um procedimento que tem resultado r\u00e1pido e satisfat\u00f3rio.<\/p>\n                  <\/div>\n                <\/div>\n              <\/div>\n            <\/div>\n          <\/div>\n        <\/div>\n      <\/div>\n    <\/div>\n  <\/div>\n<\/div>","protected":false},"excerpt":{"rendered":"<p>Clareamento dental 1. O QUE \u00c9 CLAREAMENTO DENTAL? Dentes manchados ou amarelados costumam ser um verdadeiro inc\u00f4modo para quem sonha com um sorriso bem branquinho. Se esse for o seu caso, n\u00e3o h\u00e1 necessidade para maiores preocupa\u00e7\u00f5es. O clareamento dental consiste em utilizar produtos \u00e0 base de per\u00f3xido de hidrog\u00eanio, que, quando em contato com [&hellip;]<\/p>\n","protected":false},"author":1,"featured_media":0,"parent":0,"menu_order":0,"comment_status":"closed","ping_status":"closed","template":"page-templates\/full-width-page.php","meta":{"_monsterinsights_skip_tracking":false,"_monsterinsights_sitenote_active":false,"_monsterinsights_sitenote_note":"","_monsterinsights_sitenote_category":0,"footnotes":""},"class_list":["post-1745","page","type-page","status-publish","hentry"],"aioseo_notices":[],"_links":{"self":[{"href":"https:\/\/draanapaulapucci.com.br\/index.php?rest_route=\/wp\/v2\/pages\/1745","targetHints":{"allow":["GET"]}}],"collection":[{"href":"https:\/\/draanapaulapucci.com.br\/index.php?rest_route=\/wp\/v2\/pages"}],"about":[{"href":"https:\/\/draanapaulapucci.com.br\/index.php?rest_route=\/wp\/v2\/types\/page"}],"author":[{"embeddable":true,"href":"https:\/\/draanapaulapucci.com.br\/index.php?rest_route=\/wp\/v2\/users\/1"}],"replies":[{"embeddable":true,"href":"https:\/\/draanapaulapucci.com.br\/index.php?rest_route=%2Fwp%2Fv2%2Fcomments&post=1745"}],"version-history":[{"count":0,"href":"https:\/\/draanapaulapucci.com.br\/index.php?rest_route=\/wp\/v2\/pages\/1745\/revisions"}],"wp:attachment":[{"href":"https:\/\/draanapaulapucci.com.br\/index.php?rest_route=%2Fwp%2Fv2%2Fmedia&parent=1745"}],"curies":[{"name":"wp","href":"https:\/\/api.w.org\/{rel}","templated":true}]}}